1) - 3
7
What is 4 + -2 + -1 + 3?
4
-22 - 0 - -9 - -10
-3
What is (3 - 1 - 1) + 0 + 0?
1
What is the value of -2 - (1 - 5 - -5)?
-3
0 + -7 + (5 - -3)
1
Calculate -10 - (2 + -6 + -1).
-5
Evaluate 1 - (-9 - 1 - -4).
7
What is the value of -16 - ((4 - (3 - -9)) + 0)?
-8
What is -5 - -9 - (-3 - -11)?
-4
What is 2 + (1 - -2 - 5) - -4?
4
-2 + 0 + (35 - 40)
-7
What is 7 - (11 - 7) - (8 - -3)?
-8
4 + -9 + -6 - (-1 + -6)
-4
Evaluate -5 + (-1 - 0) + 1.
-5
Evaluate -9 - (-21 + 8) - -3.
7
-1 + 1 - 11 - -5
-6
Calculate -4 - (2 + 0 - (-19 - -20)).
-5
Evaluate -1 - -9 - (5 - -1 - 2).
4
Evaluate (-3 - (-9 - 0)) + -3 - 0.
3
What is -1 + 7 + -3 - 4?
-1
What is the value of 121 - 117 - (-1 - 3)?
8
What is the value of -14 - -13 - (1 - 3) - 5?
-4
Calculate (5 - 2) + -6 + 1 + 1.
-1
What is the value of 2 - (-5 - (-5 - (-4 + 4)))?
2
Calculate -3 + 23 + -11 - (3 + 0).
6
What is the value of -289 - -293 - (-7 + 0 - -2)?
9
What is -3 - 4 - (-8 - 7)?
8
What is the value of -1 - (4 + -1 - (2 - 2))?
-4
-3 + -1 + -3 - (-1 - 1)
-5
What is (-4 + 1 + 3 - -4) + 1?
5
What is -4 + -5 + 4 + 1 + 4?
0
Calculate -7 - 7 - -8 - -2.
-4
Evaluate 3 + -1 - (28 - 26).
0
Evaluate 4 + -8 - -2 - 1.
-3
Evaluate (5 - 7) + -3 + 4 - 2.
-3
What is the value of -15 + 15 + -5 + -4?
-9
Evaluate 2 - (-4 + 5 + 2).
-1
Evaluate 2 + -11 + 12 - -4.
7
Evaluate -3 + (11 - 5) - 0.
3
72 + -76 - (0 - -3)
-7
What is -1 - (4 + -1 - 4)?
0
-2 - -4 - (-2 + 13 + -6)
-3
What is the value of 9 - 4 - (1 - 0)?
4
Evaluate -18 - -16 - (-4 - 1).
3
Evaluate (1 - 5) + -6 - -5.
-5
(2 - 2) + (-1 - -5)
4
What is the value of (-7 - 8 - -16) + 1 + 0?
2
What is 0 + (0 - 0) + -7 - -3?
-4
Calculate (-14 - (-5 + 1)) + 6 + 10.
6
Evaluate 5 + -2 + 1 + (-3 - 6).
-5
1 + 3 + (-2 - 4) + 0
-2
8 - 0 - (-3 + (-3 - -11))
3
What is -3 - (2 + -6) - 0?
1
Evaluate (1 - (-1 + -2) - 5) + -1.
-2
What is the value of (-4 - 2) + 9 + 2 + -10?
-5
Calculate 4 - (0 + 0 + 1 + 0).
3
Evaluate 9 - (1 + 4 - 4).
8
What is -1 + 3 + -4 + 1?
-1
What is the value of 4 + (3 - (12 - 8)) - -1?
4
Calculate -6 + -1 - (-17 + 9 + -5).
6
Calculate -3 + 8 - (6 + -2 + 0).
1
What is the value of -3 + (-2 + 5 + -1 - 5)?
-6
1 - 1 - -2 - -2 - -1
5
Calculate -17 + (4 - -7 - 1 - 2).
-9
What is (0 - -14 - 0) + -11?
3
-4 + 0 - (-51 - -50)
-3
Calculate -3 + 2 + 1 - 4 - -1.
-3
Evaluate (12 - (1 - -4)) + (0 - 2).
5
-36 + 21 + (4 - -9)
-2
What is the value of -25 + 23 - (-2 - 0)?
0
What is (1 - 15) + (10 - 18) + 13?
-9
What is (-6 - -16 - 1) + -5?
4
What is the value of 6 + -16 + (5 - -3)?
-2
What is the value of (-1 - 2 - -3) + (-1 - 6)?
-7
What is the value of -4 - ((-2 - 0) + 4)?
-6
Evaluate -5 + (2 - (-14 + (-1 - -5))).
7
-7 - ((-5 - 1 - 4) + 7)
-4
Calculate 4 + (-8 - -6 - -2).
4
Calculate 2 - (2 - 0) - 3.
-3
What is 3 - 9 - (-1 - (10 + -5))?
0
Calculate 11 + -16 - (-1 - 1 - -2).
-5
(4 - 4) + 1 + (5 - 4)
2
Evaluate (-90 - -101) + -1 + -12.
-2
15 - 14 - (-2 + 6)
-3
Calculate 5 - (-10 - (-4 - 6)).
5
What is (1 - -2) + (-32 - -35)?
6
What is (-13 - -12) + 0 + (-4 - -2)?
-3
-4 - (5 + -5 - 7)
3
Calculate -11 - 1 - -14 - 7.
-5
Evaluate -1 + 0 + (3 - 0) - -1.
3
Calculate (0 - (-5 - -6)) + (6 - 0).
5
Calculate -6 + (0 - -2) - (1 + -3).
-2
Evaluate 2 - 5 - ((-1 - 2) + 5).
-5
Calculate -9 + 2 - -21 - 10.
4
5 + -4 - 2 - 2
-3
Calculate (-2 - -5) + -1 + -3 + -4.
-5
What is the value of 5 - 7 - -4 - (-1 + 5)?
-2
-2 - 2 - ((-19 - -12) + 5)
-2
(1 - 10) + 3 + 12
6
-6 + 1 + 20 + -17 + -4
-6
Calculate 6 + -1 - (-3 + 7).
1
What is the value of -1 - 0 - (-2 + -3 + 8)?
-4
What is the value of 1 + -5 + -6 + (10 - 3)?
-3
What is the value of -1 + 14 + -2 + -8?
3
Evaluate 13 - ((20 - -2) + -12).
3
Evaluate -3 - -4 - 1 - (-6 - -11).
-5
What is the value of (-14 - (-1 + -3)) + (0 - -5)?
-5
Evaluate -4 - -1 - (-9 - -2 - -5).
-1
What is -3 - (-2 - -3) - 0?
-4
20 - (-4 - -28 - 15)
11
Evaluate (4 + -2 - -1) + -4.
-1
(-1 - (-2 - -7)) + 3
-3
Evaluate -1 + (-11 - -7) + 1.
-4
-10 + 0 - (1 - 6)
-5
0 - (-10 + 3 - -4)
3
Calculate -3 - (0 + -2 + -3 - -6).
-4
What is the value of 1 - ((4 - 0) + -6)?
3
Evaluate -4 - (-1 + -1 + (2 - 3)).
-1
(-3 + 0 - -10) + (7 - 19)
-5
Calculate -196 + 178 + (11 - 1).
-8
Evaluate -2 + 8 + -5 + (-5 - -6).
2
Calculate 2 - 5 - (9 + -9).
-3
What is the value of 2 - (5 + -1 + 1)?
-3
-2 - (-4 - ((6 - 1) + -10))
-3
10 + 1 + -21 + 11
1
-4 - -3 - (-9 - -4)
4
Calculate 17 - 10 - (15 - 5).
-3
Calculate 2 + (2 - 7 - -1).
-2
Evaluate -11 + (4 + -6 + 12 - 7).
-8
What is -1 - (1 - (-5 - -2))?
-5
Evaluate 9 + -7 + -8 + 1.
-5
Calculate 2 + (-3 - (-3 + 2)) - 2.
-2
What is 2 + (-7 - -3 - -1)?
-1
Calculate 7 + -18 + 9 + 5.
3
Evaluate -1 - (0 + 1 + -3 - 4).
5
-12 + -1 - (-11 + -11)
9
What is the value of (2 - (5 - (7 + -3))) + -7?
-6
-6 + -4 + 3 - 1
-8
What is 10 + 3 + (-9 - 1)?
3
What is -2 + -7 + 3 + 10 - 2?
2
Calculate -1 + (1 - 2 - (4 + -4)).
-2
Calculate -2 + 1 + -2 + -1 - -9.
5
What is -2 - (0 + 4 - 2)?
-4
4 - (7 + -9 + 0)
6
Calculate -8 + -3 + 4 + 2.
-5
Evaluate -1 + (10 + -1 - 5).
3
What is the value of (1 - (3 - -3)) + -17 + 23?
1
-42 - -44 - (-2 - (-2 + 0))
2
What is (-4 - -2) + (-6 - (-2 - 4))?
-2
What is the value of 3 + 4 + -1 + -4?
2
Calculate (4 - 1) + -3 - -1.
1
0 + (4 - -2) + -7 - -9
8
Calculate 2 - 10 - -4 - -9.
5
Calculate 1 + (-9 + 9 - (1 + 1)).
-1
Calculate 2 + -1 + (-1 + 3 - 4).
-1
12 + -5 + (-13 - -2)
-4
-3 + 7 - (1 - -8)
-5
Calculate -35 + 34 - (-4 + -1).
4
Evaluate -5 + 4 + 5 + 3 + -6.
1
What is the value of 3 + -1 + -1 - (0 + -3)?
4
Evaluate (-6 - (-3 + -1)) + 9 - 2.
5
Evaluate -8 - -17 - (-4 - -3).
10
What is 4 + 5 + -4 + -1 + 0?
4
Evaluate -1 + (1 - 7) + 2 + 1.
-4
Calculate -19 - -19 - (2 + -1).
-1
Evaluate -1 - 0 - -1 - (187 + -181).
-6
What is the value of 0 - (-2 - 2 - -7) - -6?
3
Calculate 642 + -640 - ((0 - 0) + 2).
0
What is the value of -9 - -10 - (9 + -3 + 0)?
-5
5 + -12 + 5 - (-3 - 0)
1
Evaluate -7 - -1 - -7 - -4.
5
Calculate -10 + -4 + 6 + 14 + -17.
-11
Evaluate 0 + 2 + 3 - (57 - 53).
1
What is the value of -8 + 9 + 6 - 8?
-1
What is (11 - -2) + (6 - (17 - 5))?
7
Evaluate -1 + 2 + 0 + 3.
4
Evaluate (9 - 16) + 1 + 0.
-6
What is the value of -1 + (-3 - (-4 - -1))?
-1
Evaluate -6 + (3 - -1) + 1.
-1
What is -1 + 4 + 0 + -2 - -1?
2
0 + (12 - 10) - 4
-2
What is 1 + -3 - (2 + (3 - 13))?
6
What is the value of 10 - (15 + -9) - 13?
-9
Evaluate -2 - ((-17 - -15) + 2 + -1).
-1
Calculate (-2 + -1 - (-10 - 1)) + 1.
9
What is (-41 - -53) + (0 - 7)?
5
What is -1 + 3 + -10 + -2 + 14?
4
Calculate (-2 - 2) + (-2 - -3) + -1.
-4
Calculate -23 + -6 + 14 + 13.
-2
Calculate 3 + (-14 - -4) + 4 + 4.
1
Calculate -5 + (-1 - -9) + -4.
-1
What is 6 - -2 - 2 - 8?
-2
63 - 50 - (10 - -3)
0
Calculate 1 + (-3 - -6 - (1 - -4)).
-1
Calculate 0 - -6 - (1 + 7).
-2
What is the value of (-1 + 4 - -2) + (12 - 21)?
-4
Evaluate (-3 - -2) + -4 + (4 - 3).
-4
What is (3 - -1) + (-6 - (-3 - 1))?
2
7 - (-5 + 4 + -1 + 6)
3
What is the value of 4 - (8 + (0 - 0) - 5)?
1
Evaluate 2 - (5 + -6 + (0 - 2)).
5
Evaluate 4 + 0 + (4 + -7 - 5).
-4
What is the value of -1 - 6 - (-311 + 297)?
7
Calculate -43 + 40 - (-2 + 3).
-4
Calculate -1 - (-7 + -3 + 4).
5
What is the value of -3 + 7 + -8 + 13 + -15?
-6
Calculate 10 + -1 + (-3 - 8).
-2
Calculate 20 + 2 + -18 + 0 + 1.
5
-11 + (-5 + 2 - -6) + 2
-6
Evaluate 2 + 0 + 48 + -49.
1
4 + -7 + -1 + 3 - -3
2
Calculate 3 - (5 - (-7 + -11 + 9)).
-11
Calculate 2 + (2 - (2 + -2)) + -5.
-1
Evaluate -4 + -1 - (-4 - (4 - -2)).
5
(-2 - (-8 - -5)) + 5
6
What is the value of 0 - -3 - (-11 + 13)?
1
Calculate 16 + (11 - 24) + (6 - 0).
9
What is -1 + 1 + -2 + 5 + -1?
2
Calculate -17 - -6 - (3 + -8).
-6
Evaluate 3 - -2 - 3 - 1.
1
What is -9 - (-3 + (3 - 9 - -6))?
-6
Calculate -4 + 1 - (-109 + 110).
-4
What is -11 - (-5 - 0 - 4)?
-2
Evaluate 3 - ((41 - 45) + -1 + -2).
10
Calculate -6 + 14 + -13 - (-6 - -1).
0
Calculate -10 - (-1 + -5) - -3.
-1
What is the value of -1 + (4 + -8 - -3) + 1?
-1
5 + -5 - (-3 - 0)
3
Calculate (-5 + 10 + -3 - 4) + -6.
-8
Calculate 6 - 10 - (-6 + 1).
1
What is the value of -9 - -6 - 5 - -13?
5
(-1 - -9) + 4 + -8 - 3
1
What is 3 + -6 + 2 - 5?
-6
What is -7 + 4 + -5 + 5?
-3
What is the value of -4 - (3 + -3 - (0 + 1))?
-3
Calculate 2 + 7 + -6 - -1.
4
Calculate (-5 - ((-2 - 3) + 5)) + -3.
-8
Calculate -5 - (-6 + 0) - -3.
4
Evaluate (-4 + 5 - 0) + 0 - -5.
6
What is the value of (-4 -